n base 9, what is 2 - -381651?
381653
In base 15, what is -11191 - 0?
-11191
In base 14, what is 2d79 - -3?
2d7c
In base 10, what is 166 + -4122?
-3956
In base 4, what is -11030 - 1121?
-12211
In base 15, what is 2103b + 3?
2103e
In base 6, what is -1455404 + 4?
-1455400
In base 14, what is 20 - -6b2c?
6b4c
In base 2, what is 11 + -111011111000?
-111011110101
In base 5, what is 3 + 200300?
200303
In base 10, what is -11912 + 5?
-11907
In base 7, what is 10125 + 133?
10261
In base 5, what is 2243 + -133?
2110
In base 7, what is 3660333 - -4?
3660340
In base 4, what is 0 - 103202021?
-103202021
In base 15, what is 766 + -14?
752
In base 4, what is -23101210 - -1?
-23101203
In base 12, what is 5 - -153282?
153287
In base 15, what is -13e - 606?
-745
In base 3, what is -11012012112 - 1?
-11012012120
In base 6, what is -3041203 + -10?
-3041213
In base 13, what is -3 - 1413b?
-14141
In base 11, what is 7a - 889?
-80a
In base 14, what is 4 + -3207?
-3203
In base 3, what is 1102202000 + -1121?
1102200102
In base 2, what is 10110000 - -1101000?
100011000
In base 3, what is -1 + 1222220?
1222212
In base 5, what is -440 - -1430?
440
In base 15, what is 5 - -1657d?
16583
In base 11, what is -5a8a - -6?
-5a84
In base 14, what is 17920 - 2?
1791c
In base 4, what is -2013230 + 2?
-2013222
In base 5, what is 1324 - 144?
1130
In base 13, what is -ac940a - 5?
-ac9412
In base 2, what is -10000 - 100011100100?
-100011110100
In base 2, what is 11 + -100001010011111?
-100001010011100
In base 14, what is ab - -3b7?
484
In base 15, what is -30932 - 1?
-30933
In base 6, what is 1555230 + -5?
1555221
In base 14, what is -16b19 + 4?
-16b15
In base 5, what is -21 + -40404?
-40430
In base 3, what is 2 + 20120221?
20121000
In base 11, what is -111672 + -42?
-111704
In base 14, what is cb7 + -718?
59d
In base 4, what is -101 - -12121130?
12121023
In base 3, what is -122210120 - 1011?
-122211201
In base 7, what is -10512136 - 1?
-10512140
In base 11, what is 1454423 + 4?
1454427
In base 4, what is -202 + -21211111?
-21211313
In base 14, what is -40 + -3391?
-33d1
In base 12, what is 1 + 4135?
4136
In base 8, what is -2561 + -161?
-2742
In base 3, what is 101122 + -10212?
20210
In base 6, what is 13510255 - 0?
13510255
In base 5, what is 143214 - 3014?
140200
In base 9, what is -2 + 22725?
22723
In base 16, what is -22c + -4af?
-6db
In base 10, what is 147389 + -3?
147386
In base 5, what is 14321 - 3014?
11302
In base 16, what is 21909 + -2?
21907
In base 2, what is -11110000110010000 - 0?
-11110000110010000
In base 16, what is -34a - -306?
-44
In base 10, what is -55936 - -3?
-55933
In base 16, what is 4c + -5d?
-11
In base 3, what is -10102 + 102200?
22021
In base 13, what is 2 - 80643?
-80641
In base 15, what is 1 + -3e715?
-3e714
In base 13, what is 3 - 2a673a?
-2a6737
In base 6, what is -12 - 2224035?
-2224051
In base 16, what is -51 + 9c5?
974
In base 6, what is 101022 + -53?
100525
In base 2, what is -100100101110 - 11?
-100100110001
In base 2, what is 11001 + 1001101000100?
1001101011101
In base 7, what is 1021120 - 2?
1021115
In base 4, what is 11300310 + 2?
11300312
In base 2, what is -1 + -11001111?
-11010000
In base 10, what is -63410 - 4?
-63414
In base 4, what is -1010 + 112301?
111231
In base 10, what is -8502 + 646?
-7856
In base 8, what is 4426 + 14?
4442
In base 4, what is -3 - 12310330?
-12310333
In base 14, what is -3936d - -c?
-39361
In base 2, what is 1110 + -10001010?
-1111100
In base 4, what is -12301203302 + 2?
-12301203300
In base 16, what is -5 - -5465?
5460
In base 12, what is -33a7 - -7?
-33a0
In base 13, what is -3 - -541?
53b
In base 10, what is -1313 - -6?
-1307
In base 10, what is 3315 - 6?
3309
In base 6, what is 203 + 331205?
331412
In base 15, what is -58a - 4b8?
-a53
In base 16, what is 975 + -5?
970
In base 8, what is 11175 + 10?
11205
In base 4, what is -133 - -200220000?
200213201
In base 7, what is 16 - 16545?
-16526
In base 8, what is -1252303 - -3?
-1252300
In base 12, what is -26 - -4654?
462a
In base 2, what is 10 + 10100101010?
10100101100
In base 7, what is -5 + -15406043?
-15406051
In base 6, what is -2 - -1413341?
1413335
In base 6, what is 214045501 - 2?
214045455
In base 4, what is -223320202 - -11?
-223320131
In base 4, what is -3 - 230000303?
-230000312
In base 5, what is 242131 + -12?
242114
In base 8, what is -543 + 152?
-371
In base 11, what is 2 - -43a62?
43a64
In base 12, what is -a29 - -15?
-a14
In base 5, what is 3010321 + 1?
3010322
In base 15, what is 5 + 2380b?
23811
In base 7, what is 0 + 45551?
45551
In base 11, what is -1388 - -132?
-1256
In base 13, what is 350 - -508?
858
In base 16, what is 1035 + 90?
10c5
In base 7, what is -5 - 45361?
-45366
In base 6, what is 5011 - -1411?
10422
In base 4, what is 1010 - -1221112?
1222122
In base 3, what is -211200 + -1021?
-212221
In base 6, what is 11010 - -350?
11400
In base 7, what is 354010 - 2?
354005
In base 10, what is -6 + 2765?
2759
In base 4, what is 132332222 - -1?
132332223
In base 6, what is 0 - -123531?
123531
In base 7, what is 36040103 + 3?
36040106
In base 11, what is 1 + 22793?
22794
In base 2, what is -11100111011 - -1101000001?
-1111111010
In base 14, what is -746 - -8?
-73c
In base 14, what is 10d - -9b2?
ac1
In base 6, what is -504442 + 2?
-504440
In base 11, what is -5 - 15066?
-15070
In base 14, what is -4d + ab3?
a64
In base 16, what is 7fc94 - -5?
7fc99
In base 14, what is 2 - -7468?
746a
In base 16, what is 32960 + 0?
32960
In base 14, what is -92 - 96?
-148
In base 16, what is 4 + -2fb9?
-2fb5
In base 7, what is -52 + -1035664?
-1036046
In base 9, what is 15 + 3167?
3183
In base 6, what is 1013412 - 10?
1013402
In base 2, what is 1101101001011 + -110100?
1101100010111
In base 14, what is -2c - 1a25?
-1a53
In base 9, what is 311 - 1008?
-587
In base 6, what is 5 - 344035?
-344030
In base 3, what is -220221022220 + -10?
-220221100000
In base 9, what is -3 + -18072?
-18075
In base 3, what is 20 + 1201122021?
1201122111
In base 9, what is 27 + -386?
-358
In base 9, what is -5 + -24707?
-24713
In base 13, what is 1 - 44729a?
-447299
In base 10, what is 82 + -9737?
-9655
In base 3, what is 22 - 121112011?
-121111212
In base 6, what is -1230 - -50?
-1140
In base 3, what is -121122 - 1112?
-200011
In base 12, what is -2 - -7508?
7506
In base 6, what is 1 - 13530302?
-13530301
In base 9, what is 106544 - -4?
106548
In base 2, what is -11001 + -111110110011101?
-111110110110110
In base 14, what is -3892 - 4b?
-38dd
In base 16, what is 5d29 + -1?
5d28
In base 9, what is 345 - 135?
210
In base 9, what is 134 - 1582?
-1447
In base 15, what is -e - -19d1?
19c2
In base 11, what is 904 - -62?
966
In base 4, what is 101210 - 1001?
100203
In base 15, what is -1d03 - -1d?
-1cd5
In base 10, what is 3 - 579596?
-579593
In base 4, what is -1201233 + 20?
-1201213
In base 2, what is 10 + 1110101001101?
1110101001111
In base 10, what is 8 + 1898?
1906
In base 5, what is -3 - 124120?
-124123
In base 8, what is 5 + -1310725?
-1310720
In base 8, what is 1 - 267644?
-267643
In base 8, what is 337 + -10165?
-7626
In base 12, what is 663 - 1a77?
-1414
In base 3, what is -111112 - -2022022?
1210210
In base 7, what is -143126 - -1?
-143125
In base 2, what is -1110011000011011 - 10010?
-1110011000101101
In base 5, what is 43344122 - -3?
43344130
In base 6, what is -1025 + -252?
-1321
In base 2, what is -1011011 + -101111?
-10001010
In base 5, what is -2321 + -1133?
-4004
In base 4, what is 20 + -20023231?
-20023211
In base 14, what is -40 - 93?
-d3
In base 7, what is -151 + 130?
-21
In base 12, what is -22 + -1a1?
-203
In base 3, what is -22011120 + 2002202?
-20001211
In base 14, what is -13b - 22a?
-367
In base 9, what is -143 - 54653?
-54806
In base 11, what is 53 + -1063?
-1010
In base 4, what is -13 - -111333?
111320
In base 8, what is 1 + 55675?
55676
In base 2, what is 111 - -1110001100011110?
1110001100100101
In base 7, what is 4265 + -1133?
3132
In base 10, what is 119760 + 4?
119764
In base 5, what is 113441 - 10241?
103200
In base 2, what is -100111000111101 - 100?
-100111001000001
In base 6, what is 120 - 12115?
-11555
In base 8, what is 5215151 - 4?
5215145
In base 10, what is 46 + 33?
79
In base 12, what is 14 - 34a4?
-3490
In base 5, what is 20 - -31440?
320